{"id":1778,"date":"2022-02-07T16:58:51","date_gmt":"2022-02-07T15:58:51","guid":{"rendered":"http:\/\/documentation-wp.hub.av.priv\/aurora-vision-apis\/release-notes\/"},"modified":"2022-06-05T09:43:02","modified_gmt":"2022-06-05T08:43:02","slug":"release-notes","status":"publish","type":"page","link":"http:\/\/documentation-wp.hub.av.priv\/hu\/aurora-vision-apis\/release-notes\/","title":{"rendered":"Release Notes"},"content":{"rendered":"\n<div style=\"height:10px\" aria-hidden=\"true\" class=\"wp-block-spacer\"><\/div>\n\n\n\n<p>Az \u00fcgyf\u00e9l \u00e9s az \u0151 ig\u00e9nyeit szem el\u0151tt tartva folyamatosan friss\u00edtj\u00fck az Aurora Vision APIs.<\/p>\n\n\n\n<p>Ezen az oldalon megtekintheti a kiad\u00e1si megjegyz\u00e9seket egy id\u0151vonal szerint, n\u00f6vekv\u0151 id\u0151rendben, a leg\u00fajabbt\u00f3l a legr\u00e9gebbi kiad\u00e1sig\/friss\u00edt\u00e9sig.<\/p>\n\n\n\n<p><strong>MEGJEGYZ\u00c9S<\/strong>: A kiad\u00e1si megjegyz\u00e9sek csak angol nyelven \u00e9rhet\u0151k el.<\/p>\n\n\n\n<div style=\"height:30px\" aria-hidden=\"true\" class=\"wp-block-spacer\"><\/div>\n\n\n\n<hr class=\"wp-block-separator has-text-color has-background is-style-wide\" style=\"background-color:#231965;color:#231965\"\/>\n\n\n\n<div style=\"height:20px\" aria-hidden=\"true\" class=\"wp-block-spacer\"><\/div>\n\n\n\n<div class=\"wp-block-columns\">\n<div class=\"wp-block-column\">\n<h2 class=\"has-text-align-right\" id=\"february-08-2022-1\">June 10, 2022<\/h2>\n<\/div>\n\n\n\n<div class=\"wp-block-column is-vertically-aligned-center\">\n<div class=\"wp-block-image\"><figure class=\"aligncenter size-full\"><img loading=\"lazy\" width=\"40\" height=\"476\" src=\"http:\/\/documentation-wp.hub.av.priv\/wp-content\/uploads\/2022\/02\/timeline_line_long.png\" alt=\"\" class=\"wp-image-676\"\/><\/figure><\/div>\n<\/div>\n\n\n\n<div class=\"wp-block-column\">\n<p class=\"has-text-align-left\">Added the <code>ActivePowerEV<\/code>, <code>ActiveEnergyEV<\/code> and <code>SessionEnergyEV<\/code> dataType inherent to FIMER Flexa AC Wallbox, to obtain charging sessions information, in the <code>Telemetry <\/code>suite.<\/p>\n<\/div>\n<\/div>\n\n\n\n<div class=\"wp-block-columns\">\n<div class=\"wp-block-column\">\n<h2 class=\"has-text-align-right\" id=\"february-08-2022-1\">February 08, 2022<\/h2>\n<\/div>\n\n\n\n<div class=\"wp-block-column\">\n<div class=\"wp-block-image\"><figure class=\"aligncenter size-full\"><img loading=\"lazy\" width=\"68\" height=\"48\" src=\"http:\/\/documentation-wp.hub.av.priv\/wp-content\/uploads\/2022\/02\/timeline_dot-1.png\" alt=\"\" class=\"wp-image-690\"\/><\/figure><\/div>\n<\/div>\n\n\n\n<div class=\"wp-block-column\">\n<p class=\"has-text-align-left\">In the absence of data due to lack of communication with Aurora Vision or other error events, for the APIs belonging to the <strong>Telemetry <\/strong>and <strong>KPIs <\/strong>suites, the field <code>value<\/code> is not shown in the response for any type of API (<code>timeseries<\/code> or <code>aggregated<\/code>) for any kind of <code>dataType<\/code> (power and energy) and <code>valueType<\/code>.<\/p>\n\n\n\n<p class=\"has-text-align-left\">In case of re-established communication with correct sending of historical data, Aurora Vision provides a backfilling mechanism by making the field <code>value<\/code> available where it was previously absent.<\/p>\n<\/div>\n<\/div>\n\n\n\n<hr class=\"wp-block-separator has-text-color has-background is-style-wide\" style=\"background-color:#231965;color:#231965\"\/>\n","protected":false},"excerpt":{"rendered":"<p>Az \u00fcgyf\u00e9l \u00e9s az \u0151 ig\u00e9nyeit szem el\u0151tt tartva folyamatosan friss\u00edtj\u00fck az Aurora Vision APIs. Ezen az oldalon megtekintheti a kiad\u00e1si megjegyz\u00e9seket egy id\u0151vonal szerint, n\u00f6vekv\u0151 id\u0151rendben, a leg\u00fajabbt\u00f3l a legr\u00e9gebbi kiad\u00e1sig\/friss\u00edt\u00e9sig. MEGJEGYZ\u00c9S: A kiad\u00e1si megjegyz\u00e9sek csak angol nyelven \u00e9rhet\u0151k el. June 10, 2022 Added the ActivePowerEV, ActiveEnergyEV and SessionEnergyEV dataType inherent to FIMER Flexa [&hellip;]<\/p>\n","protected":false},"author":4,"featured_media":0,"parent":1765,"menu_order":2,"comment_status":"closed","ping_status":"closed","template":"","meta":[],"_links":{"self":[{"href":"http:\/\/documentation-wp.hub.av.priv\/hu\/wp-json\/wp\/v2\/pages\/1778"}],"collection":[{"href":"http:\/\/documentation-wp.hub.av.priv\/hu\/wp-json\/wp\/v2\/pages"}],"about":[{"href":"http:\/\/documentation-wp.hub.av.priv\/hu\/wp-json\/wp\/v2\/types\/page"}],"author":[{"embeddable":true,"href":"http:\/\/documentation-wp.hub.av.priv\/hu\/wp-json\/wp\/v2\/users\/4"}],"replies":[{"embeddable":true,"href":"http:\/\/documentation-wp.hub.av.priv\/hu\/wp-json\/wp\/v2\/comments?post=1778"}],"version-history":[{"count":18,"href":"http:\/\/documentation-wp.hub.av.priv\/hu\/wp-json\/wp\/v2\/pages\/1778\/revisions"}],"predecessor-version":[{"id":10516,"href":"http:\/\/documentation-wp.hub.av.priv\/hu\/wp-json\/wp\/v2\/pages\/1778\/revisions\/10516"}],"up":[{"embeddable":true,"href":"http:\/\/documentation-wp.hub.av.priv\/hu\/wp-json\/wp\/v2\/pages\/1765"}],"wp:attachment":[{"href":"http:\/\/documentation-wp.hub.av.priv\/hu\/wp-json\/wp\/v2\/media?parent=1778"}],"curies":[{"name":"wp","href":"https:\/\/api.w.org\/{rel}","templated":true}]}}

<div style="height:10px" aria-hidden="true" class="wp-block-spacer"></div>



<p>Az ügyfél és az ő igényeit szem előtt tartva folyamatosan frissítjük az Aurora Vision APIs.</p>



<p>Ezen az oldalon megtekintheti a kiadási megjegyzéseket egy idővonal szerint, növekvő időrendben, a legújabbtól a legrégebbi kiadásig/frissítésig.</p>



<p><strong>MEGJEGYZÉS</strong>: A kiadási megjegyzések csak angol nyelven érhetők el.</p>



<div style="height:30px" aria-hidden="true" class="wp-block-spacer"></div>



<hr class="wp-block-separator has-text-color has-background is-style-wide" style="background-color:#231965;color:#231965"/>



<div style="height:20px" aria-hidden="true" class="wp-block-spacer"></div>



<div class="wp-block-columns">
<div class="wp-block-column">
<h2 class="has-text-align-right" id="february-08-2022-1">June 10, 2022</h2>
</div>



<div class="wp-block-column is-vertically-aligned-center">
<div class="wp-block-image"><figure class="aligncenter size-full"><img loading="lazy" width="40" height="476" src="http://documentation-wp.hub.av.priv/wp-content/uploads/2022/02/timeline_line_long.png" alt="" class="wp-image-676"/></figure></div>
</div>



<div class="wp-block-column">
<p class="has-text-align-left">Added the <code>ActivePowerEV</code>, <code>ActiveEnergyEV</code> and <code>SessionEnergyEV</code> dataType inherent to FIMER Flexa AC Wallbox, to obtain charging sessions information, in the <code>Telemetry </code>suite.</p>
</div>
</div>



<div class="wp-block-columns">
<div class="wp-block-column">
<h2 class="has-text-align-right" id="february-08-2022-1">February 08, 2022</h2>
</div>



<div class="wp-block-column">
<div class="wp-block-image"><figure class="aligncenter size-full"><img loading="lazy" width="68" height="48" src="http://documentation-wp.hub.av.priv/wp-content/uploads/2022/02/timeline_dot-1.png" alt="" class="wp-image-690"/></figure></div>
</div>



<div class="wp-block-column">
<p class="has-text-align-left">In the absence of data due to lack of communication with Aurora Vision or other error events, for the APIs belonging to the <strong>Telemetry </strong>and <strong>KPIs </strong>suites, the field <code>value</code> is not shown in the response for any type of API (<code>timeseries</code> or <code>aggregated</code>) for any kind of <code>dataType</code> (power and energy) and <code>valueType</code>.</p>



<p class="has-text-align-left">In case of re-established communication with correct sending of historical data, Aurora Vision provides a backfilling mechanism by making the field <code>value</code> available where it was previously absent.</p>
</div>
</div>



<hr class="wp-block-separator has-text-color has-background is-style-wide" style="background-color:#231965;color:#231965"/>

<p>Az ügyfél és az ő igényeit szem előtt tartva folyamatosan frissítjük az Aurora Vision APIs. Ezen az oldalon megtekintheti a kiadási megjegyzéseket egy idővonal szerint, növekvő időrendben, a legújabbtól a legrégebbi kiadásig/frissítésig. MEGJEGYZÉS: A kiadási megjegyzések csak angol nyelven érhetők el. June 10, 2022 Added the ActivePowerEV, ActiveEnergyEV and SessionEnergyEV dataType inherent to FIMER Flexa [&hellip;]</p>
